{"id":13916,"date":"2018-11-30T16:50:49","date_gmt":"2018-11-30T18:50:49","guid":{"rendered":"http:\/\/realpax.com.br\/realpax\/?page_id=13916"},"modified":"2022-02-01T15:00:24","modified_gmt":"2022-02-01T18:00:24","slug":"contato","status":"publish","type":"page","link":"https:\/\/realpax.com.br\/realpax\/contato\/","title":{"rendered":"Contato"},"content":{"rendered":"[vc_row gap=&#8221;40&#8243;][vc_column width=&#8221;1\/2&#8243;]<h6 class=\"et-highlight-title \" style=\"font-size:16px;font-weight:700;line-height:24px;letter-spacing:0.5px;color:#003751;\" data-mobile-font=\"inherit\" data-tablet-font=\"inherit\"><span class=\"title-inner\">Fale Conosco<span class=\"highlight-line\" style=\"background-color:#c7db56;\"><\/span><\/span><\/h6><h3 id=\"et-animated-title-1\" class=\"et-animated-title et-clearfix  words-direct\" data-mobile-font=\"32px\" data-tablet-font=\"inherit\" data-delay=\"100\" style=\"font-size:48px;font-weight:700;line-height:56px;color:#212121;\"><span class=\"text-wrapper\"><span class=\"text\">Deixe-nos ajud\u00e1-lo a encontrar uma solu\u00e7\u00e3o que atenda sua necessidade.<br \/>\n<\/span><\/span><\/h3><div class=\"gap et-clearfix \" style=\"height:24px\"><\/div>[vc_column_text css=&#8221;.vc_custom_1535989191237{margin-bottom: 0px !important;}&#8221;]Est\u00e1 interessado em nossos servi\u00e7os? Preencha o formul\u00e1rio e um de nossos consultores entrar\u00e1 em contato com voc\u00ea para sanar todas as d\u00favidas. Temos solu\u00e7\u00f5es personalizadas para cada tipo de situa\u00e7\u00e3o.[\/vc_column_text]<div class=\"gap et-clearfix \" style=\"height:24px\"><\/div>[vc_empty_space height=&#8221;40px&#8221;]<h4 class=\"et-highlight-title \" style=\"font-size:30pxpx;font-weight:700;line-height:24px;letter-spacing:0.5px;color:#003751;\" data-mobile-font=\"inherit\" data-tablet-font=\"inherit\"><span class=\"title-inner\">Outros Contatos<span class=\"highlight-line\" style=\"background-color:#c7db56;\"><\/span><\/span><\/h4>[vc_empty_space height=&#8221;40px&#8221;]<ul class=\"et-list-icon  small\"><li ><div class=\"icon-wrap\"><div class=\"icon small\" style=\"color:#003751;\"><span class=\"small fa fa-envelope\"><\/span><\/div><\/div><div><a style=\"color: black;\" href=\"mailto:atendimento@realpax.com.br\">atendimento@realpax.com.br<\/a><\/div><\/li><\/ul><ul class=\"et-list-icon  small\"><li ><div class=\"icon-wrap\"><div class=\"icon small\" style=\"color:#003751;\"><span class=\"small fa fa-phone\"><\/span><\/div><\/div><div><a style=\"color: black;\" href=\"tel:213390-0236\">Tel.: (21) 3390-0236<\/a><\/div><\/li><li ><div class=\"icon-wrap\"><div class=\"icon small\" style=\"color:#003751;\"><span class=\"small fa fa-phone\"><\/span><\/div><\/div><div><a style=\"color: black;\" href=\"tel:2133909048\">Tel.: (21) 3390-9048<\/a><\/div><\/li><li ><div class=\"icon-wrap\"><div class=\"icon small\" style=\"color:#003751;\"><span class=\"small fa fa-phone\"><\/span><\/div><\/div><div><a style=\"color: black;\" href=\"tel:08007036661\">Central: 0800 703 6661<\/a><\/div><\/li><\/ul><ul class=\"et-list-icon  medium\"><li ><div class=\"icon-wrap\"><div class=\"icon medium\" style=\"color:#003751;\"><span class=\"medium fab fa-whatsapp\"><\/span><\/div><\/div><div><a href=\"https:\/\/api.whatsapp.com\/send?phone=5508007030236&amp;text=Ol%C3%A1%20Real%20Pax%2C%20gostaria%20de%20saber%20mais%20sobre%20os%20planos.\">WhatsApp: 0800 703 0236<\/a><\/div><\/li><\/ul>[\/vc_column][vc_column width=&#8221;1\/2&#8243;]<div class=\"gap et-clearfix hide1279\" style=\"height:80px\"><\/div>\n<div class=\"wpcf7 no-js\" id=\"wpcf7-f14190-o1\" lang=\"pt-BR\" dir=\"ltr\">\n<div class=\"screen-reader-response\"><p role=\"status\" aria-live=\"polite\" aria-atomic=\"true\"><\/p> <ul><\/ul><\/div>\n<form action=\"\/realpax\/wp-json\/wp\/v2\/pages\/13916#wpcf7-f14190-o1\" method=\"post\" class=\"wpcf7-form init\" aria-label=\"Formul\u00e1rios de contato\" novalidate=\"novalidate\" data-status=\"init\">\n<div style=\"display: none;\">\n<input type=\"hidden\" name=\"_wpcf7\" value=\"14190\" \/>\n<input type=\"hidden\" name=\"_wpcf7_version\" value=\"5.8.7\" \/>\n<input type=\"hidden\" name=\"_wpcf7_locale\" value=\"pt_BR\" \/>\n<input type=\"hidden\" name=\"_wpcf7_unit_tag\" value=\"wpcf7-f14190-o1\" \/>\n<input type=\"hidden\" name=\"_wpcf7_container_post\" value=\"0\" \/>\n<input type=\"hidden\" name=\"_wpcf7_posted_data_hash\" value=\"\" \/>\n<input type=\"hidden\" name=\"_wpcf7cf_hidden_group_fields\" value=\"[]\" \/>\n<input type=\"hidden\" name=\"_wpcf7cf_hidden_groups\" value=\"[]\" \/>\n<input type=\"hidden\" name=\"_wpcf7cf_visible_groups\" value=\"[]\" \/>\n<input type=\"hidden\" name=\"_wpcf7cf_repeaters\" value=\"[]\" \/>\n<input type=\"hidden\" name=\"_wpcf7cf_steps\" value=\"{}\" \/>\n<input type=\"hidden\" name=\"_wpcf7cf_options\" value=\"{&quot;form_id&quot;:14190,&quot;conditions&quot;:[],&quot;settings&quot;:{&quot;animation&quot;:&quot;yes&quot;,&quot;animation_intime&quot;:&quot;200&quot;,&quot;animation_outtime&quot;:&quot;200&quot;,&quot;conditions_ui&quot;:&quot;normal&quot;,&quot;notice_dismissed&quot;:&quot;&quot;,&quot;wpcf7cf_settings_saved&quot;:&quot;1&quot;,&quot;notice_dismissed_update-cf7-5.5.4&quot;:true,&quot;notice_dismissed_update-cf7-5.5.6&quot;:true,&quot;notice_dismissed_rollback-cf7-5.5.6&quot;:true,&quot;notice_dismissed_update-cf7-5.7.7&quot;:true,&quot;notice_dismissed_rollback-cf7-5.8.6&quot;:true,&quot;notice_dismissed_update-cf7-6.1.1&quot;:true}}\" \/>\n<\/div>\n<p><span class=\"wpcf7-form-control-wrap\" data-name=\"assunto\"><select class=\"wpcf7-form-control wpcf7-select\" aria-invalid=\"false\" name=\"assunto\"><option value=\"-- Assunto --\">-- Assunto --<\/option><option value=\"Plano Funeral\">Plano Funeral<\/option><option value=\"Crema\u00e7\u00e3o\">Crema\u00e7\u00e3o<\/option><option value=\"Funerais\">Funerais<\/option><option value=\"Plano Empresa\">Plano Empresa<\/option><option value=\"Outros\">Outros<\/option><\/select><\/span>\n<\/p>\n<p><label> Seu nome (obrigat\u00f3rio)<br \/>\n<span class=\"wpcf7-form-control-wrap\" data-name=\"nome\"><input size=\"40\" class=\"wpcf7-form-control wpcf7-text wpcf7-validates-as-required\" aria-required=\"true\" aria-invalid=\"false\" value=\"\" type=\"text\" name=\"nome\" \/><\/span> <\/label>\n<\/p>\n<p><label> Seu e-mail (obrigat\u00f3rio)<br \/>\n<span class=\"wpcf7-form-control-wrap\" data-name=\"email\"><input size=\"40\" class=\"wpcf7-form-control wpcf7-email wpcf7-validates-as-required wpcf7-text wpcf7-validates-as-email\" aria-required=\"true\" aria-invalid=\"false\" value=\"\" type=\"email\" name=\"email\" \/><\/span> <\/label>\n<\/p>\n<p><label> Telefone (obrigat\u00f3rio)<br \/>\n<span class=\"wpcf7-form-control-wrap\" data-name=\"telefone\"><input size=\"40\" class=\"wpcf7-form-control wpcf7-text wpcf7-validates-as-required\" aria-required=\"true\" aria-invalid=\"false\" value=\"\" type=\"text\" name=\"telefone\" \/><\/span> <\/label>\n<\/p>\n<p><label> Mensagem<br \/>\n<span class=\"wpcf7-form-control-wrap\" data-name=\"mensagem\"><textarea cols=\"40\" rows=\"10\" class=\"wpcf7-form-control wpcf7-textarea\" aria-invalid=\"false\" name=\"mensagem\"><\/textarea><\/span> <\/label>\n<\/p>\n<p><input class=\"wpcf7-form-control wpcf7-submit has-spinner\" type=\"submit\" value=\"Enviar\" \/>\n<\/p><p style=\"display: none !important;\" class=\"akismet-fields-container\" data-prefix=\"_wpcf7_ak_\"><label>&#916;<textarea name=\"_wpcf7_ak_hp_textarea\" cols=\"45\" rows=\"8\" maxlength=\"100\"><\/textarea><\/label><input type=\"hidden\" id=\"ak_js_1\" name=\"_wpcf7_ak_js\" value=\"44\"\/><script>document.getElementById( \"ak_js_1\" ).setAttribute( \"value\", ( new Date() ).getTime() );<\/script><\/p><div class=\"wpcf7-response-output\" aria-hidden=\"true\"><\/div>\n<\/form>\n<\/div>\n[\/vc_column][\/vc_row][vc_row full_width=&#8221;stretch_row_content&#8221; gap=&#8221;0&#8243;][vc_column][vc_empty_space height=&#8221;40px&#8221;]<div class=\"map\" id=\"gmap-1\" data-animate=\"true\" data-x1=\"-22.866356\" data-x2=\"-22.839748\" data-x3=\"-22.8155707\" data-x4=\"-22.84212\" data-x5=\"-22.86478557\" data-y1=\"-43.3730959\" data-y2=\"-43.378144\" data-y3=\"-43.4127393\" data-y4=\"-43.3356591\" data-y5=\"-43.3729291\" data-title1=\"Marechal Hermes\" data-title2=\"Guadalupe - RJ\" data-title3=\"Nil\u00f3polis - RJ\" data-title4=\"Inha\u00fama - RJ\" data-title5=\"Loja de atendimento\" data-content1=\"R. Gravata, 13 - Mal. Hermes,&lt;br \/&gt;Rio de Janeiro - RJ, 21610-510\" data-content2=\"R. Marcos de Macedo, 154 - Guadalupe&lt;br \/&gt;Rio de Janeiro - RJ, 21660-020\" data-content3=\"Av. Get\u00falio Vargas, 536 - Centro&lt;br \/&gt;Nil\u00f3polis - RJ, 26510-014\" data-content4=\"Av. Martin Luther King Jr., 1650, Inha\u00fama&lt;br \/&gt;Rio de Janeiro - RJ, 20765-000\" data-content5=\"R. Brigadeiro Delamare, 157, loja C \u2013 Mal. Hermes&lt;br \/&gt;Rio de Janeiro \u2013 RJ, 21610-270.\"  data-type=\"roadmap\" data-zoom=\"14\" data-marker=\"https:\/\/realpax.com.br\/realpax\/wp-content\/themes\/globax\/images\/marker.png\" style=\"width:100%;height:720px;\"><\/div>[\/vc_column][\/vc_row]\n","protected":false},"excerpt":{"rendered":"<p>[vc_row gap=&#8221;40&#8243;][vc_column width=&#8221;1\/2&#8243;][vc_column_text css=&#8221;.vc_custom_1535989191237{margin-bottom: 0px !important;}&#8221;]Est\u00e1 interessado em nossos servi\u00e7os? Preencha o formul\u00e1rio e um de nossos consultores entrar\u00e1 em contato com voc\u00ea para sanar todas as d\u00favidas. Temos solu\u00e7\u00f5es personalizadas para cada tipo de situa\u00e7\u00e3o.[\/vc_column_text][vc_empty_space height=&#8221;40px&#8221;][vc_empty_space height=&#8221;40px&#8221;][\/vc_column][vc_column width=&#8221;1\/2&#8243;][\/vc_column][\/vc_row][vc_row full_width=&#8221;stretch_row_content&#8221; gap=&#8221;0&#8243;][vc_column][vc_empty_space height=&#8221;40px&#8221;][\/vc_column][\/vc_row]<\/p>\n","protected":false},"author":1,"featured_media":0,"parent":0,"menu_order":0,"comment_status":"closed","ping_status":"closed","template":"","meta":{"footnotes":""},"jetpack_sharing_enabled":true,"_links":{"self":[{"href":"https:\/\/realpax.com.br\/realpax\/wp-json\/wp\/v2\/pages\/13916"}],"collection":[{"href":"https:\/\/realpax.com.br\/realpax\/wp-json\/wp\/v2\/pages"}],"about":[{"href":"https:\/\/realpax.com.br\/realpax\/wp-json\/wp\/v2\/types\/page"}],"author":[{"embeddable":true,"href":"https:\/\/realpax.com.br\/realpax\/wp-json\/wp\/v2\/users\/1"}],"replies":[{"embeddable":true,"href":"https:\/\/realpax.com.br\/realpax\/wp-json\/wp\/v2\/comments?post=13916"}],"version-history":[{"count":25,"href":"https:\/\/realpax.com.br\/realpax\/wp-json\/wp\/v2\/pages\/13916\/revisions"}],"predecessor-version":[{"id":16230,"href":"https:\/\/realpax.com.br\/realpax\/wp-json\/wp\/v2\/pages\/13916\/revisions\/16230"}],"wp:attachment":[{"href":"https:\/\/realpax.com.br\/realpax\/wp-json\/wp\/v2\/media?parent=13916"}],"curies":[{"name":"wp","href":"https:\/\/api.w.org\/{rel}","templated":true}]}}